**3 - 12*g**2 - 155*g - 1578. Determine u(-11).
6
Let i(h) = -h**2 + 219*h - 1678. Determine i(8).
10
Let w(y) = 4*y**3 - 28*y**2 + 3*y - 1. What is w(-2)?
-151
Let i(v) = 83*v - 3396. What is i(41)?
7
Let x(b) = 2483*b - 364995. Calculate x(147).
6
Let v(q) = q**2 + 151*q + 5493. What is v(-90)?
3
Let u(y) = -y**3 + 31*y**2 - 6*y + 92. Calculate u(31).
-94
Let i(w) = -1577*w - 3153. Give i(-2).
1
Let f(u) = -2*u**2 + 58*u - 121. Give f(30).
-181
Let v(s) = -s**3 - 11*s**2 + 7*s + 26. What is v(-10)?
-144
Let m(b) = b**3 + 91*b**2 - 90*b + 193. What is m(-92)?
9
Let j(v) = 142*v + 6680. Calculate j(-47).
6
Let w(m) = 19*m**2 + 612*m - 2747. Calculate w(4).
5
Let v(y) = 3*y**2 + 10*y + 11. What is v(-8)?
123
Let q(b) = b**2 - 52*b + 461. What is q(11)?
10
Let j(r) = -2*r**2 + 158*r + 670. Calculate j(83).
6
Let y(h) = -32*h + 324. Calculate y(10).
4
Let m(p) = 5*p**2 - 20*p + 128. Calculate m(11).
513
Let p(y) = -323*y - 6789. Calculate p(-21).
-6
Let u(w) = 864*w + 6069. What is u(-7)?
21
Let l(p) = -463*p + 4612. What is l(10)?
-18
Let w(x) = 2*x**3 - 9*x**2 - 6*x - 1. Determine w(7).
202
Let w(t) = -t**3 + 42*t**2 + 55*t - 479. What is w(43)?
37
Let x(v) = -29*v**2 + 134*v - 7. Determine x(4).
65
Let r(p) = p**3 + 136*p**2 - 1455*p + 734. Calculate r(-146).
4
Let c(r) = -10*r**3 - 429*r**2 + 47*r + 156. What is c(-43)?
-16
Let b(g) = -g**3 + 9*g**2 + 86*g - 4. Calculate b(15).
-64
Let o(q) = -12*q + 375. Calculate o(58).
-321
Let h(d) = -6*d**2 + 45*d - 5. Determine h(5).
70
Let t(u) = -8*u**2 + 490*u - 137. Determine t(61).
-15
Let u(a) = 63*a + 797. Give u(-13).
-22
Let f(j) = 16*j - 153. Give f(20).
167
Let g(z) = z**3 + 5*z**2 - 105*z - 336. Give g(-3).
-3
Let f(r) = -433*r + 45044. Give f(104).
12
Let f(q) = q**3 + 6*q**2 + 25*q + 258. Determine f(-7).
34
Let g(s) = 143*s - 3863. Determine g(27).
-2
Let k(p) = -200*p - 1953. Calculate k(-10).
47
Let q(g) = -g**2 + 9606*g - 277741. Calculate q(29).
-8
Let t(v) = 8*v - 31. What is t(12)?
65
Let j(k) = 2*k**2 - 4*k - 1683. Determine j(30).
-3
Let a(f) = f**3 - 28*f**2 - f + 40. Calculate a(28).
12
Let r(q) = q**2 + 26*q + 49. Give r(-22).
-39
Let l(o) = -6*o**3 + 124*o**2 + 40*o + 40. Calculate l(21).
-2
Let d(a) = -a**2 - 107*a - 2043. Determine d(-82).
7
Let i(m) = 17*m**2 + 187*m - 200. Determine i(1).
4
Let q(v) = -v**3 - 3*v**2 - 56*v - 319. What is q(-6)?
125
Let r(p) = p - 71. Determine r(29).
-42
Let a(k) = k**3 + 18*k**2 + 32*k + 7. Determine a(-16).
7
Let a(z) = 2*z**2 + 22*z - 21. Determine a(-12).
3
Let i(w) = -5315*w - 5328. What is i(-1)?
-13
Let p(m) = 2*m**3 - 130*m**2 + 190*m - 12355. Calculate p(65).
-5
Let x(i) = -930*i - 3714. What is x(-4)?
6
Let u(f) = f**3 + 5*f**2 - 24*f + 4. Calculate u(5).
134
Let a(n) = -2*n + 4. Determine a(1).
2
Let o(s) = 5*s**2 - 190*s + 1802. Give o(20).
2
Let m(y) = 4*y - 216. Calculate m(11).
-172
Let d(y) = -y**3 + 5*y**2 + 4149*y + 340. What is d(67)?
5
Let a(w) = -2657*w - 79699. Determine a(-30).
11
Let k(c) = c**3 - 36*c**2 - 122*c + 212. Calculate k(39).
17
Let h(r) = -r**3 - 2*r**2 + 18*r - 73. What is h(-11)?
818
Let h(m) = -2*m**2 - 164*m - 3653. Give h(-29).
-579
Let q(n) = 1897*n - 28458. Give q(15).
-3
Let y(x) = -108*x - 15864. Determine y(-147).
12
Let i(v) = -v**3 - 2*v**2 + 20*v - 7. Determine i(3).
8
Let u(r) = r**2 - 389*r + 1534. What is u(4)?
-6
Let r(c) = c**3 + c + 2. Give r(-2).
-8
Let q(t) = -2*t**3 + 32*t**2 - 8*t + 63. What is q(14)?
735
Let s(o) = -2*o**2 + 77*o + 3530. Calculate s(-27).
-7
Let u(c) = 7*c**2 + 54*c + 97. Give u(-5).
2
Let b(k) = 39*k + 2777. Determine b(-71).
8
Let p(t) = -281*t - 18481. Calculate p(-66).
65
Let r(i) = 4*i**2 + 19*i - 5. What is r(1)?
18
Let q(p) = p**3 - 39*p**2 + 109*p - 5. Give q(36).
31
Let c(y) = 7*y**2 - 163*y + 144. Calculate c(19).
-426
Let d(y) = -5*y**2 - 162*y + 1524. Calculate d(-40).
4
Let u(o) = o**2 + 5*o - 70. What is u(0)?
-70
Let r(o) = 10*o**3 - 1340*o**2 + 1330*o - 8. What is r(133)?
-8
Let i(s) = s**3 - 83*s**2 + 184*s - 1774. Determine i(81).
8
Let k(j) = 9*j + 87. Determine k(8).
159
Let w(a) = -91*a**3 + a**2 + 7*a + 16. Give w(-2).
734
Let x(f) = -897*f + 2723. Calculate x(3).
32
Let t(x) = -x**3 - 23*x**2 - 9*x + 280. Give t(-22).
-6
Let g(x) = 240*x - 669. Give g(4).
291
Let v(t) = 3*t**3 + 4*t**2 - 80*t + 162. Give v(2).
42
Let t(b) = 3*b**3 - 11*b**2 - 38*b + 132. Determine t(4).
-4
Let i(g) = -67*g - 3. What is i(-1)?
64
Let a(k) = -k**2 - 9*k - 17. Give a(-10).
-27
Let x(s) = 32*s - 1502. What is x(46)?
-30
Let j(g) = 7*g**2 - 227*g - 374. Calculate j(34).
0
Let x(d) = d**3 + 93*d**2 + 332*d - 2133. Give x(-89).
3
Let g(r) = -8*r**2 - 31*r - 54. What is g(-2)?
-24
Let x(y) = -141*y**2 - 24*y + 25. What is x(1)?
-140
Let k(w) = -w**3 - 15*w**2 - 19*w - 182. Determine k(-12).
-386
Let q(w) = -7*w + 50. Calculate q(-10).
120
Let q(y) = 6*y**2 - 117*y + 52. Give q(19).
-5
Let n(b) = 16*b - 249. Calculate n(17).
23
Let i(b) = b**3 - 41*b**2 - 127*b - 227. What is i(44)?
-7
Let d(u) = -36*u - 96. Calculate d(-6).
120
Let r(d) = 2*d**2 + 10*d - 32. Calculate r(3).
16
Let v(g) = g**2 - 234*g + 9745. Calculate v(55).
-100
Let y(i) = i**3 - 59*i**2 + 68*i - 377. What is y(58)?
203
Let g(n) = -1148*n - 14888. What is g(-13)?
36
Let u(l) = -2*l**3 - 7*l**2 + 30*l - 1. Calculate u(-6).
-1
Let v(m) = 339*m - 30857. What is v(91)?
-8
Let z(b) = 2*b**2 + 332*b + 9183. Determine z(-131).
13
Let c(t) = -2*t**2 - 121*t - 1478. What is c(-16)?
-54
Let r(h) = 5*h + 144. What is r(0)?
144
Let r(o) = o**2 - 61*o - 375. Give r(-7).
101
Let d(w) = -17*w - 568. What is d(-27)?
-109
Let c(t) = -50*t + 2176. Determine c(43).
26
Let y(b) = 3*b**2 - 215*b - 61. Determine y(72).
11
Let q(r) = r**2 - 129*r - 13. What is q(0)?
-13
Let x(s) = 63*s**2 + 21*s - 23. Give x(1).
61
Let q(y) = y**3 - 7*y**2 - 69*y - 5. Give q(12).
-113
Let l(u) = 2*u**3 - u**2 + 2*u - 31. What is l(-4)?
-183
Let t(x) = -3*x**3 + 16*x**2 + 12*x - 53. What is t(5)?
32
Let a(m) = 32*m**2 - 2400*m + 23. What is a(75)?
23
Let i(q) = -32*q + 460. Determine i(15).
-20
Let x(u) = 55*u - 195. Give x(9).
300
Let m(a) = a**3 + 84*a**2 - 169*a + 261. Determine m(-86).
3
Let t(w) = -598*w**2 - 30496*w + 110. Calculate t(-51).
8
Let h(t) = 176*t + 11796. Determine h(-67).
4
Let x(q) = 491*q + 25535. Calculate x(-52).
3
Let f(q) = 6797*q + 33992. What is f(-5)?
7
Let x(a) = 8*a**3 + a - 223. What is x(0)?
-223
Let p(t) = 123*t - 144. Give p(2).
102
Let u(x) = -x**3 - x**2 + 13*x + 49. What is u(-3)?
28
Let r(b) = b**3 + 68*b - 323. What is r(4)?
13
Let b(z) = z**2 + 23*z - 48. Give b(-30).
162
Let w(f) = 5*f**2 - 26*f + 28. What is w(1)?
7
Let f(w) = -9*w - 183. Determine f(-26).
51
Let w(m) = -m**3 - 35*m**2 - 37*m - 20. Give w(-34).
82
Let z(t) = -13*t + 239. What is z(13)?
70
Let x(m) = -12*m**2 - 120*m - 109. Calculate x(-9).
-1
Let c(m) = 9*m - 442. Determine c(52).
26
Let h(k) = -k**3 - 11*k**2 + 6*k + 7. Give h(1).
1
Let y(q) = 3*q**2 + 813*q - 809. Calculate y(-272).
7
Let s(l) = 5102*l - 15275. Calculate s(3).
31
Let i(n) = n**2 + 108*n - 1490. Determine i(-120).
-50
Let c(g) = 555*g + 2999. Determine c(-6).
-331
Let x(v) = -17*v**3 + 254*v**2 + 25*v - 154. Calculate x(15).
-4
Let k(q) = 3*q**2 + 239*q + 2430. Determine k(-12).
-6
Let x(b) = -11*b**2 - 460*b - 3737. Give x(-11).
-8
Let t(g) = g**2 + 19*g - 48. Determine t(-21).
-6
Let j(d) = d**3 - 157*d**2 + 324*d - 2169. Calculate j(155).
1
Let w(a) = a**2 - 5*a - 632. Calculate w(28).
12
Let s(k) = 157*k + 6114. Determine s(-38).
148
Let l(c) = c**3 - 90*c**2 - c + 111. Determine l(90).
21
Let j(a) = 14894*a - 29797. Determine j(2).
-9
Let h(t) = -t**2 - 20*t + 315. What is h(10)?
15
Let x(m) = -190*m - 4686. Give x(-25).
64
Let c(u) = -4*u - 231. Give c(-1).
-227
Let k(v) = v**3 - 114*v**2 + 114*v - 110. Give k(113).
3
Let d(z) = 3*z**3 - 185*z**2 - 108*z + 2860. Calculate d(62).
8
Let o(c) = -23*c + 822. What is o(33)?
63
Let b(n) = -89*n + 1325. Determine b(8).
613
Let w(m) = -3*m - 107. What is w(-26)?
-29
Let f(d) = d**2 - 36*d + 169. Determine f(30).
-11
Let f(m) = -m**2 + 203*m - 2638. Give f(189).
8
Let d(u) = -264*u - 5018. Calculate d(-19).
-2
Let d(v) = v**3 - 3*v**2 - 87*v - 17. Determine d(11).
-6
Let f(o) = 2*o**2 - 13*o + 49. What is f(6)